{"id":7624,"date":"2019-12-08T17:14:55","date_gmt":"2019-12-08T17:14:55","guid":{"rendered":"https:\/\/demo.goodlayers.com\/mediz\/hospital\/?page_id=7624"},"modified":"2023-10-01T19:17:28","modified_gmt":"2023-10-01T19:17:28","slug":"kadin-hastaliklari-ve-dogum","status":"publish","type":"page","link":"https:\/\/beykoztipmerkezi.com\/index.php\/hizmetlerimiz\/kadin-hastaliklari-ve-dogum\/","title":{"rendered":"Kad\u0131n Hastal\u0131klar\u0131 ve Do\u011fum"},"content":{"rendered":"","protected":false},"excerpt":{"rendered":"","protected":false},"author":1,"featured_media":0,"parent":7303,"menu_order":0,"comment_status":"closed","ping_status":"closed","template":"","meta":{"_joinchat":[]},"_links":{"self":[{"href":"https:\/\/beykoztipmerkezi.com\/index.php\/wp-json\/wp\/v2\/pages\/7624"}],"collection":[{"href":"https:\/\/beykoztipmerkezi.com\/index.php\/wp-json\/wp\/v2\/pages"}],"about":[{"href":"https:\/\/beykoztipmerkezi.com\/index.php\/wp-json\/wp\/v2\/types\/page"}],"author":[{"embeddable":true,"href":"https:\/\/beykoztipmerkezi.com\/index.php\/wp-json\/wp\/v2\/users\/1"}],"replies":[{"embeddable":true,"href":"https:\/\/beykoztipmerkezi.com\/index.php\/wp-json\/wp\/v2\/comments?post=7624"}],"version-history":[{"count":5,"href":"https:\/\/beykoztipmerkezi.com\/index.php\/wp-json\/wp\/v2\/pages\/7624\/revisions"}],"predecessor-version":[{"id":9043,"href":"https:\/\/beykoztipmerkezi.com\/index.php\/wp-json\/wp\/v2\/pages\/7624\/revisions\/9043"}],"up":[{"embeddable":true,"href":"https:\/\/beykoztipmerkezi.com\/index.php\/wp-json\/wp\/v2\/pages\/7303"}],"wp:attachment":[{"href":"https:\/\/beykoztipmerkezi.com\/index.php\/wp-json\/wp\/v2\/media?parent=7624"}],"curies":[{"name":"wp","href":"https:\/\/api.w.org\/{rel}","templated":true}]}}