{"id":7588,"date":"2019-12-08T06:11:56","date_gmt":"2019-12-08T06:11:56","guid":{"rendered":"https:\/\/demo.goodlayers.com\/mediz\/hospital\/?page_id=7588"},"modified":"2023-10-01T19:16:11","modified_gmt":"2023-10-01T19:16:11","slug":"cocuk-sagligi-ve-hastaliklari","status":"publish","type":"page","link":"http:\/\/beykoztipmerkezi.com\/index.php\/hizmetlerimiz\/cocuk-sagligi-ve-hastaliklari\/","title":{"rendered":"\u00c7ocuk Sa\u011fl\u0131\u011f\u0131 ve Hastal\u0131klar\u0131"},"content":{"rendered":"","protected":false},"excerpt":{"rendered":"","protected":false},"author":1,"featured_media":0,"parent":7303,"menu_order":0,"comment_status":"closed","ping_status":"closed","template":"","meta":{"_joinchat":[]},"_links":{"self":[{"href":"http:\/\/beykoztipmerkezi.com\/index.php\/wp-json\/wp\/v2\/pages\/7588"}],"collection":[{"href":"http:\/\/beykoztipmerkezi.com\/index.php\/wp-json\/wp\/v2\/pages"}],"about":[{"href":"http:\/\/beykoztipmerkezi.com\/index.php\/wp-json\/wp\/v2\/types\/page"}],"author":[{"embeddable":true,"href":"http:\/\/beykoztipmerkezi.com\/index.php\/wp-json\/wp\/v2\/users\/1"}],"replies":[{"embeddable":true,"href":"http:\/\/beykoztipmerkezi.com\/index.php\/wp-json\/wp\/v2\/comments?post=7588"}],"version-history":[{"count":5,"href":"http:\/\/beykoztipmerkezi.com\/index.php\/wp-json\/wp\/v2\/pages\/7588\/revisions"}],"predecessor-version":[{"id":9036,"href":"http:\/\/beykoztipmerkezi.com\/index.php\/wp-json\/wp\/v2\/pages\/7588\/revisions\/9036"}],"up":[{"embeddable":true,"href":"http:\/\/beykoztipmerkezi.com\/index.php\/wp-json\/wp\/v2\/pages\/7303"}],"wp:attachment":[{"href":"http:\/\/beykoztipmerkezi.com\/index.php\/wp-json\/wp\/v2\/media?parent=7588"}],"curies":[{"name":"wp","href":"https:\/\/api.w.org\/{rel}","templated":true}]}}